st common divisor of 303 and 18?
3
Calculate the greatest common factor of 476 and 136.
68
Calculate the greatest common divisor of 28 and 12.
4
What is the greatest common divisor of 10105 and 470?
235
What is the highest common divisor of 1666 and 68?
34
Calculate the highest common divisor of 1 and 5501.
1
Calculate the highest common factor of 78 and 12.
6
Calculate the greatest common factor of 456 and 15162.
114
What is the greatest common divisor of 3 and 269?
1
What is the greatest common divisor of 171 and 2223?
171
What is the greatest common factor of 4 and 19?
1
What is the highest common divisor of 1628 and 484?
44
Calculate the highest common factor of 425 and 935.
85
Calculate the greatest common divisor of 323 and 57.
19
Calculate the highest common factor of 108 and 32.
4
Calculate the highest common divisor of 30 and 9.
3
What is the greatest common divisor of 14 and 42?
14
Calculate the greatest common divisor of 6084 and 48.
12
What is the greatest common divisor of 32 and 12?
4
Calculate the greatest common factor of 464 and 64.
16
Calculate the highest common divisor of 528 and 594.
66
What is the highest common divisor of 328 and 80?
8
What is the greatest common factor of 1017 and 791?
113
Calculate the highest common divisor of 60 and 450.
30
Calculate the highest common factor of 175 and 50.
25
What is the greatest common divisor of 435 and 5?
5
Calculate the greatest common factor of 4459 and 98.
49
Calculate the highest common factor of 11 and 5841.
11
What is the greatest common divisor of 12035 and 29?
29
Calculate the highest common factor of 77 and 35.
7
Calculate the highest common divisor of 4 and 2744.
4
What is the highest common factor of 3950 and 2686?
158
Calculate the highest common factor of 29 and 1421.
29
What is the greatest common factor of 12204 and 108?
108
What is the highest common divisor of 5738 and 38?
38
Calculate the highest common divisor of 1296 and 24.
24
What is the highest common factor of 640 and 170?
10
Calculate the greatest common divisor of 174 and 232.
58
Calculate the greatest common factor of 936 and 396.
36
Calculate the greatest common factor of 126 and 30.
6
Calculate the highest common divisor of 32 and 844.
4
Calculate the highest common factor of 79 and 2449.
79
Calculate the highest common divisor of 738 and 533.
41
Calculate the highest common divisor of 16 and 848.
16
What is the highest common factor of 112 and 35?
7
What is the highest common divisor of 148 and 17834?
74
Calculate the highest common factor of 155 and 45.
5
What is the highest common divisor of 9730 and 140?
70
Calculate the greatest common factor of 784 and 49.
49
What is the highest common divisor of 90 and 30?
30
Calculate the greatest common factor of 192 and 60.
12
What is the highest common factor of 88 and 374?
22
Calculate the greatest common factor of 1419 and 33.
33
What is the highest common divisor of 1456 and 224?
112
Calculate the greatest common divisor of 4828 and 68.
68
Calculate the highest common divisor of 2380 and 84.
28
What is the highest common factor of 782 and 68?
34
What is the highest common divisor of 32 and 5216?
32
Calculate the highest common factor of 100 and 4580.
20
What is the greatest common factor of 110 and 11?
11
What is the greatest common factor of 224 and 10784?
32
Calculate the highest common factor of 65 and 10.
5
Calculate the greatest common divisor of 8 and 676.
4
Calculate the highest common divisor of 7975 and 77.
11
Calculate the highest common divisor of 3 and 34.
1
What is the highest common divisor of 868 and 28?
28
What is the greatest common factor of 20 and 175?
5
What is the highest common factor of 637 and 49?
49
What is the greatest common factor of 266 and 114?
38
Calculate the greatest common factor of 264 and 165.
33
What is the greatest common divisor of 186 and 403?
31
What is the highest common factor of 126 and 651?
21
What is the greatest common divisor of 119 and 85?
17
Calculate the greatest common factor of 24 and 276.
12
Calculate the highest common factor of 30 and 6410.
10
Calculate the greatest common divisor of 173 and 9.
1
Calculate the greatest common divisor of 89 and 7031.
89
What is the greatest common factor of 364 and 2197?
13
What is the greatest common divisor of 616 and 198?
22
Calculate the highest common divisor of 110 and 70.
10
Calculate the highest common divisor of 5 and 415.
5
Calculate the highest common factor of 77 and 3157.
77
Calculate the highest common divisor of 2096 and 6026.
262
What is the greatest common divisor of 112 and 266?
14
Calculate the greatest common divisor of 54 and 1026.
54
What is the highest common factor of 91 and 143?
13
Calculate the greatest common divisor of 51 and 408.
51
Calculate the greatest common divisor of 38 and 22.
2
Calculate the highest common divisor of 400 and 27100.
100
What is the highest common divisor of 977 and 3?
1
Calculate the greatest common divisor of 48 and 309.
3
Calculate the highest common factor of 20016 and 288.
144
Calculate the greatest common divisor of 3 and 12471.
3
Calculate the greatest common factor of 15712 and 32.
32
What is the highest common factor of 1413 and 314?
157
Calculate the greatest common divisor of 127 and 2286.
127
What is the highest common factor of 17 and 1003?
17
Calculate the highest common factor of 44 and 20.
4
Calculate the highest common divisor of 1596 and 285.
57
What is the greatest common divisor of 35 and 1050?
35
What is the highest common divisor of 16089 and 93?
93
What is the greatest common divisor of 1883 and 21?
7
What is the greatest common factor of 330 and 1430?
110
What is the greatest common divisor of 350 and 90?
10
Calculate the highest common factor of 140 and 3535.
35
Calculate the highest common divisor of 972 and 432.
108
Calculate the highest common divisor of 62 and 5177.
31
Calculate the highest common factor of 116 and 3654.
58
What is the greatest common divisor of 33814 and 106?
106
What is the greatest common factor of 45 and 190?
5
What is the highest common divisor of 5825 and 75?
25
Calculate the highest common factor of 68 and 850.
34
Calculate the highest common divisor of 351 and 378.
27
What is the highest common factor of 21 and 91?
7
What is the highest common factor of 112 and 35?
7
Calculate the highest common divisor of 243 and 18.
9
Calculate the highest common divisor of 3034 and 74.
74
Calculate the highest common factor of 616 and 2310.
154
What is the highest common factor of 12 and 588?
12
What is the greatest common factor of 25 and 575?
25
Calculate the highest common factor of 396 and 22.
22
What is the highest common factor of 264 and 312?
24
Calculate the greatest common factor of 165 and 2640.
165
What is the greatest common factor of 536 and 8?
8
What is the greatest common factor of 13 and 4849?
13
Calculate the greatest common factor of 24 and 42.
6
Calculate the greatest common divisor of 10 and 1160.
10
Calculate the highest common factor of 33 and 9.
3
Calculate the greatest common divisor of 84 and 546.
42
Calculate the greatest common factor of 47 and 1269.
47
What is the highest common divisor of 40 and 340?
20
Calculate the highest common factor of 1708 and 336.
28
What is the greatest common factor of 11 and 110?
11
Calculate the greatest common factor of 39459 and 21.
21
Calculate the greatest common factor of 56 and 5528.
8
What is the greatest common factor of 936 and 26?
26
What is the greatest common factor of 418 and 342?
38
What is the highest common divisor of 510 and 30?
30
What is the greatest common divisor of 4356 and 1012?
44
What is the highest common factor of 1010 and 10?
10
Calculate the highest common divisor of 140 and 875.
35
Calculate the greatest common factor of 32 and 4.
4
What is the greatest common factor of 498 and 12?
6
What is the highest common divisor of 45 and 330?
15
Calculate the highest common divisor of 253 and 46.
23
What is the greatest common divisor of 14 and 1918?
14
Calculate the highest common divisor of 12 and 5176.
4
What is the highest common factor of 63 and 5571?
9
What is the highest common divisor of 17 and 2363?
17
What is the greatest common factor of 9 and 7767?
9
What is the greatest common facto